{"id":22,"date":"2026-03-12T16:41:43","date_gmt":"2026-03-12T16:41:43","guid":{"rendered":"https:\/\/ericguerrero.es\/?page_id=22"},"modified":"2026-03-14T09:38:33","modified_gmt":"2026-03-14T09:38:33","slug":"portafolio","status":"publish","type":"page","link":"https:\/\/ericguerrero.es\/index.php\/portafolio\/","title":{"rendered":"Portafolio"},"content":{"rendered":"\t\t<div data-elementor-type=\"wp-page\" data-elementor-id=\"22\" class=\"elementor elementor-22\" data-elementor-post-type=\"page\">\n\t\t\t\t<div class=\"elementor-element elementor-element-558fb79 e-flex e-con-boxed e-con e-parent\" data-id=\"558fb79\" data-element_type=\"container\" data-e-type=\"container\">\n\t\t\t\t\t<div class=\"e-con-inner\">\n\t\t\t\t<div class=\"elementor-element elementor-element-59785cd elementor-widget elementor-widget-heading\" data-id=\"59785cd\" data-element_type=\"widget\" data-e-type=\"widget\" data-widget_type=\"heading.default\">\n\t\t\t\t\t<h1 class=\"elementor-heading-title elementor-size-default\">Portafolio<\/h1>\t\t\t\t<\/div>\n\t\t\t\t\t<\/div>\n\t\t\t\t<\/div>\n\t\t<div class=\"elementor-element elementor-element-b63626b e-flex e-con-boxed e-con e-parent\" data-id=\"b63626b\" data-element_type=\"container\" data-e-type=\"container\">\n\t\t\t\t\t<div class=\"e-con-inner\">\n\t\t\t\t<div class=\"elementor-element elementor-element-2865d03 elementor-widget elementor-widget-text-editor\" data-id=\"2865d03\" data-element_type=\"widget\" data-e-type=\"widget\" data-widget_type=\"text-editor.default\">\n\t\t\t\t\t\t\t\t\t<p>Una selecci\u00f3n de mis proyectos en desarrollo y completado.<\/p><p>Cada uno representa un desaf\u00edo t\u00e9cnico superado y un aprendizaje continuo.<\/p>\t\t\t\t\t\t\t\t<\/div>\n\t\t\t\t\t<\/div>\n\t\t\t\t<\/div>\n\t\t<div class=\"elementor-element elementor-element-49ffa83 e-flex e-con-boxed e-con e-parent\" data-id=\"49ffa83\" data-element_type=\"container\" data-e-type=\"container\">\n\t\t\t\t\t<div class=\"e-con-inner\">\n\t\t\t\t<div class=\"elementor-element elementor-element-5986e8a elementor-widget elementor-widget-text-editor\" data-id=\"5986e8a\" data-element_type=\"widget\" data-e-type=\"widget\" data-widget_type=\"text-editor.default\">\n\t\t\t\t\t\t\t\t\t<p><button style=\"padding: 0px; border-color: rgba(255, 255, 255, 0.1); outline-color: oklab(0.999994 0.0000455678 0.0000200868 \/ 0.1); font-style: inherit; font-variant: inherit; font-stretch: inherit; font-size: 16px; font-optical-sizing: inherit; font-size-adjust: inherit; font-kerning: inherit; font-language-override: inherit; font-feature-settings: inherit; font-variation-settings: inherit; letter-spacing: inherit; color: inherit; border-radius: 10px; opacity: 1; padding-inline: 16px; padding-block: 8px; transition-property: color, background-color, border-color, outline-color, text-decoration-color, fill, stroke, --tw-gradient-from, --tw-gradient-via, --tw-gradient-to; transition-timing-function: cubic-bezier(0.4, 0, 0.2, 1); transition-duration: 0.15s; text-wrap-mode: wrap;\" data-fg-dqj9=\"1.50:1.7343:\/src\/app\/pages\/Portfolio.tsx:101:13:5075:427:e:button:x\" data-fgid-dqj9=\":r9m:\">Todos<\/button><button style=\"padding: 0px; border-color: rgba(255, 255, 255, 0.1); outline-color: oklab(0.999994 0.0000455678 0.0000200868 \/ 0.1); font-style: inherit; font-variant: inherit; font-stretch: inherit; font-size: 16px; font-optical-sizing: inherit; font-size-adjust: inherit; font-kerning: inherit; font-language-override: inherit; font-feature-settings: inherit; font-variation-settings: inherit; letter-spacing: inherit; color: inherit; border-radius: 10px; opacity: 1; padding-inline: 16px; padding-block: 8px; transition-property: color, background-color, border-color, outline-color, text-decoration-color, fill, stroke, --tw-gradient-from, --tw-gradient-via, --tw-gradient-to; transition-timing-function: cubic-bezier(0.4, 0, 0.2, 1); transition-duration: 0.15s; text-wrap-mode: wrap;\" data-fg-dqj9=\"1.50:1.7343:\/src\/app\/pages\/Portfolio.tsx:101:13:5075:427:e:button:x\" data-fgid-dqj9=\":r9n:\">Videojuegos<\/button><button style=\"padding: 0px; border-color: rgba(255, 255, 255, 0.1); outline-color: oklab(0.999994 0.0000455678 0.0000200868 \/ 0.1); font-style: inherit; font-variant: inherit; font-stretch: inherit; font-size: 16px; font-optical-sizing: inherit; font-size-adjust: inherit; font-kerning: inherit; font-language-override: inherit; font-feature-settings: inherit; font-variation-settings: inherit; letter-spacing: inherit; color: inherit; border-radius: 10px; opacity: 1; padding-inline: 16px; padding-block: 8px; transition-property: color, background-color, border-color, outline-color, text-decoration-color, fill, stroke, --tw-gradient-from, --tw-gradient-via, --tw-gradient-to; transition-timing-function: cubic-bezier(0.4, 0, 0.2, 1); transition-duration: 0.15s; text-wrap-mode: wrap;\" data-fg-dqj9=\"1.50:1.7343:\/src\/app\/pages\/Portfolio.tsx:101:13:5075:427:e:button:x\" data-fgid-dqj9=\":r9o:\">Apps<\/button><button style=\"padding: 0px; border-color: #ffffff; outline-color: oklab(0.999994 0.0000455678 0.0000200868 \/ 0.1); font-style: inherit; font-variant: inherit; font-stretch: inherit; font-size: 16px; font-optical-sizing: inherit; font-size-adjust: inherit; font-kerning: inherit; font-language-override: inherit; font-feature-settings: inherit; font-variation-settings: inherit; letter-spacing: inherit; color: #0a0a0a; border-radius: 10px; background-color: #ffffff; opacity: 1; padding-inline: 16px; padding-block: 8px; transition-property: color, background-color, border-color, outline-color, text-decoration-color, fill, stroke, --tw-gradient-from, --tw-gradient-via, --tw-gradient-to; transition-timing-function: cubic-bezier(0.4, 0, 0.2, 1); transition-duration: 0.15s; text-wrap-mode: wrap;\" data-fg-dqj9=\"1.50:1.7343:\/src\/app\/pages\/Portfolio.tsx:101:13:5075:427:e:button:x\" data-fgid-dqj9=\":r9p:\">Web Galeria<\/button><span style=\"background-color: #0a0a0a; color: #e5e5e5; font-family: Inter, -apple-system, BlinkMacSystemFont, 'Segoe UI', sans-serif; text-align: center; font-size: 1rem;\">Web<\/span><\/p>\t\t\t\t\t\t\t\t<\/div>\n\t\t\t\t\t<\/div>\n\t\t\t\t<\/div>\n\t\t\t\t<\/div>\n\t\t","protected":false},"excerpt":{"rendered":"<p>Portafolio Una selecci\u00f3n de mis proyectos en desarrollo y completado. Cada uno representa un desaf\u00edo t\u00e9cnico superado y un aprendizaje continuo. TodosVideojuegosAppsWeb GaleriaWeb<\/p>\n","protected":false},"author":1,"featured_media":0,"parent":0,"menu_order":0,"comment_status":"closed","ping_status":"closed","template":"","meta":{"_angie_page":false,"footnotes":""},"class_list":["post-22","page","type-page","status-publish","hentry"],"_links":{"self":[{"href":"https:\/\/ericguerrero.es\/index.php\/wp-json\/wp\/v2\/pages\/22","targetHints":{"allow":["GET"]}}],"collection":[{"href":"https:\/\/ericguerrero.es\/index.php\/wp-json\/wp\/v2\/pages"}],"about":[{"href":"https:\/\/ericguerrero.es\/index.php\/wp-json\/wp\/v2\/types\/page"}],"author":[{"embeddable":true,"href":"https:\/\/ericguerrero.es\/index.php\/wp-json\/wp\/v2\/users\/1"}],"replies":[{"embeddable":true,"href":"https:\/\/ericguerrero.es\/index.php\/wp-json\/wp\/v2\/comments?post=22"}],"version-history":[{"count":7,"href":"https:\/\/ericguerrero.es\/index.php\/wp-json\/wp\/v2\/pages\/22\/revisions"}],"predecessor-version":[{"id":92,"href":"https:\/\/ericguerrero.es\/index.php\/wp-json\/wp\/v2\/pages\/22\/revisions\/92"}],"wp:attachment":[{"href":"https:\/\/ericguerrero.es\/index.php\/wp-json\/wp\/v2\/media?parent=22"}],"curies":[{"name":"wp","href":"https:\/\/api.w.org\/{rel}","templated":true}]}}